, 929
What are the prime factors of 1178541?
3, 7, 13, 1439
What are the prime factors of 959836?
2, 23, 10433
What are the prime factors of 183459?
3, 61153
List the prime factors of 386394.
2, 3, 64399
List the prime factors of 2685034.
2, 11, 31, 127
What are the prime factors of 36032?
2, 563
List the prime factors of 462630.
2, 3, 5, 7, 2203
List the prime factors of 2767518.
2, 3, 13, 11827
What are the prime factors of 359303?
7, 51329
What are the prime factors of 3294403?
7, 283, 1663
What are the prime factors of 189297?
3, 19, 41
List the prime factors of 84965.
5, 16993
What are the prime factors of 632028?
2, 3, 31, 1699
What are the prime factors of 1129600?
2, 5, 353
List the prime factors of 704391.
3, 71, 3307
List the prime factors of 3646334.
2, 439, 4153
List the prime factors of 2932758.
2, 3, 61, 2671
What are the prime factors of 396200?
2, 5, 7, 283
List the prime factors of 11173106.
2, 7, 798079
List the prime factors of 1115828.
2, 7, 5693
What are the prime factors of 2918114?
2, 83, 17579
What are the prime factors of 173107?
11, 15737
What are the prime factors of 218748?
2, 3, 18229
List the prime factors of 5702164.
2, 13, 53, 2069
List the prime factors of 761112.
2, 3, 11, 31
List the prime factors of 5184679.
73, 71023
List the prime factors of 3817248.
2, 3, 17, 2339
What are the prime factors of 4580543?
11, 416413
List the prime factors of 3049.
3049
What are the prime factors of 775536?
2, 3, 107, 151
What are the prime factors of 326780?
2, 5, 16339
List the prime factors of 249498.
2, 3, 83, 167
List the prime factors of 2430634.
2, 761, 1597
What are the prime factors of 6281310?
2, 3, 5, 7, 4273
List the prime factors of 2694955.
5, 223, 2417
What are the prime factors of 2828056?
2, 7, 11, 4591
List the prime factors of 263440.
2, 5, 37, 89
What are the prime factors of 284878?
2, 11, 23, 563
List the prime factors of 47535.
3, 5, 3169
What are the prime factors of 14051629?
1459, 9631
List the prime factors of 97430.
2, 5, 9743
What are the prime factors of 15511131?
3, 23, 74933
List the prime factors of 430477.
61, 7057
What are the prime factors of 384453?
3, 29, 491
List the prime factors of 8121789.
3, 13, 857
What are the prime factors of 557402?
2, 278701
What are the prime factors of 553138?
2, 193, 1433
List the prime factors of 2723970.
2, 3, 5, 29, 31, 101
List the prime factors of 2584340.
2, 5, 11, 17, 691
List the prime factors of 447741.
3, 7, 23, 103
What are the prime factors of 194724?
2, 3, 601
List the prime factors of 3059006.
2, 1529503
What are the prime factors of 9565694?
2, 43, 111229
List the prime factors of 8404869.
3, 11, 47, 5419
List the prime factors of 13929311.
11, 1266301
List the prime factors of 540110.
2, 5, 54011
List the prime factors of 1621929.
3, 61, 8863
List the prime factors of 5381969.
61, 83, 1063
What are the prime factors of 40734997?
40734997
List the prime factors of 333856.
2, 10433
What are the prime factors of 358821?
3, 39869
What are the prime factors of 47436?
2, 3, 59, 67
What are the prime factors of 8374914?
2, 3, 17, 3041
What are the prime factors of 1165432?
2, 145679
List the prime factors of 283063.
11, 25733
What are the prime factors of 9906104?
2, 13, 17, 431
What are the prime factors of 8995317?
3, 59, 50821
What are the prime factors of 216722?
2, 11, 9851
List the prime factors of 1501699.
1501699
What are the prime factors of 3805555?
5, 13, 127, 461
List the prime factors of 2956089.
3, 107, 9209
What are the prime factors of 17207614?
2, 29, 296683
List the prime factors of 72530.
2, 5, 7253
List the prime factors of 567842.
2, 11, 53, 487
List the prime factors of 2007165.
3, 5, 133811
List the prime factors of 208428.
2, 3, 11, 1579
What are the prime factors of 257567?
17, 109, 139
What are the prime factors of 7192731?
3, 7, 13, 26347
What are the prime factors of 362337?
3, 120779
What are the prime factors of 2307713?
71, 32503
What are the prime factors of 96300?
2, 3, 5, 107
List the prime factors of 196221.
3, 65407
What are the prime factors of 7107834?
2, 3, 137, 8647
List the prime factors of 6604553.
563, 11731
List the prime factors of 3279346.
2, 7, 234239
List the prime factors of 1111172.
2, 277793
What are the prime factors of 33922?
2, 7, 2423
What are the prime factors of 991866?
2, 3, 165311
What are the prime factors of 5407620?
2, 3, 5, 90127
What are the prime factors of 5430?
2, 3, 5, 181
List the prime factors of 903835.
5, 163, 1109
What are the prime factors of 775466?
2, 19, 20407
List the prime factors of 18941516.
2, 11, 547, 787
List the prime factors of 4288904.
2, 653, 821
What are the prime factors of 220507?
7, 17, 109
What are the prime factors of 735400?
2, 5, 3677
List the prime factors of 203710.
2, 5, 13, 1567
List the prime factors of 242744.
2, 19, 1597
List the prime factors of 1004047.
11, 97, 941
List the prime factors of 43303864.
2, 5412983
What are the prime factors of 2107452?
2, 3, 175621
What are the prime factors of 9300830?
2, 5, 7, 11, 47, 257
What are the prime factors of 16708922?
2, 8354461
List the prime factors of 256795.
5, 7, 11, 23, 29
List the prime factors of 625512.
2, 3, 67, 389
List the prime factors of 310351.
503, 617
List the prime factors of 4832690.
2, 5, 59, 8191
List the prime factors of 149425.
5, 43, 139
What are the prime factors of 101197?
101197
What are the prime factors of 462548?
2, 115637
List the prime factors of 4079746.
2, 11, 41, 4523
List the prime factors of 277888.
2, 13, 167
List the prime factors of 1425956.
2, 7, 127, 401
List the prime factors of 489606.
2, 3, 13, 6277
What are the prime factors of 408560?
2, 5, 5107
What are the prime factors of 200708?
2, 50177
List the prime factors of 335182.
2, 29, 5779
What are the prime factors of 657693?
3, 24359
What are the prime factors of 2749317?
3, 521, 1759
What are the prime factors of 2965684?
2, 17, 43613
What are the prime factors of 6266476?
2, 43, 36433
What are the prime factors of 3012045?
3, 5, 157, 1279
What are the prime factors of 4766186?
2, 673, 3541
List the prime factors of 19882172.
2, 37, 134339
What are the prime factors of 773607?
3, 257869
List the prime factors of 1732368.
2, 3, 11, 17, 193
List the prime factors of 5428442.
2, 2714221
List the prime factors of 42218.
2, 11, 19, 101
List the prime factors of 188804.
2, 7, 11, 613
What are the prime factors of 677520?
2, 3, 5, 941
What are the prime factors of 1658899?
11, 239, 631
What are the prime factors of 526546?
2, 263273
What are the prime factors of 2110853?
2110853
What are the prime factors of 3522559?
3522559
What are the prime factors of 26615701?
7, 31, 122653
List the prime factors of 10696248.
2, 3, 53, 2803
What are the prime factors of 326899?
23, 61, 233
What are the prime factors of 28576?
2, 19, 47
What are the prime factors of 118283?
11, 10753
What are the prime factors of 312784?
2, 113, 173
What are the prime factors of 594666?
2, 3, 33037
List the prime factors of 1124335.
5, 109, 2063
What are the prime factors of 230603?
19, 53, 229
List the prime factors of 5463943.
199, 27457
List the prime factors of 333611.
149, 2239
What are the prime factors of 2176151?
2176151
What are the prime factors of 127208?
2, 15901
What are the prime factors of 172325?
5, 61, 113
List the prime factors of 217414.
2, 108707
List the prime factors of 49911.
3, 127, 131
What are the prime factors of 2420026?
2, 7, 172859
List the prime factors of 950263.
241, 3943
What are the prime factors of 1895050?
2, 5, 151, 251
What are the prime factors of 9404271?
3, 167, 6257
List the prime factors of 200505.
3, 5, 13367
List the prime factors of 1657342.
2, 97, 8543
What are the prime factors of 1372748?
2, 13, 26399
List the prime factors of 21051.
3, 2339
List the prime factors of 1361376.
2, 3, 29, 163
What are the prime factors of 13596577?
13596577
List the prime factors of 35055.
3, 5, 19, 41
What are the prime factors of 11025474?
2, 3, 41, 44819
What are the prime factors of 225077?
225077
What are the prime factors of 1166546?
2, 583273
List the prime factors of 350967.
3, 116989
List the prime factors of 1141171.
1141171
List the prime factors of 19196313.
3, 1613, 3967
What are the prime factors o